{"id":1003,"date":"2021-03-08T16:29:06","date_gmt":"2021-03-08T22:29:06","guid":{"rendered":"http:\/\/radiocepad.org\/?page_id=1003"},"modified":"2021-03-08T16:29:06","modified_gmt":"2021-03-08T22:29:06","slug":"dia-mundial-de-la-oracion","status":"publish","type":"page","link":"https:\/\/radiocepad.org\/?page_id=1003","title":{"rendered":"D\u00eda Mundial de la Oraci\u00f3n"},"content":{"rendered":"\n<p>El D\u00eda Mundial de Oraci\u00f3n denominado DMO es un movimiento universal ecum\u00e9nico de mujeres cristianas.  Simbolizado por una fecha central de oraci\u00f3n \u2013 primer viernes de marzo &#8211; cada a\u00f1o son las mujeres de un pa\u00eds diferente quienes preparan la liturgia.<\/p>\n\n\n\n<p>En este a\u00f1o 2021 la celebraci\u00f3n del DMO est\u00e1 organizado por las mujeres de Vanuatu bajo el lema \u201cConstruyamos sobre una base firme\u201d y se celebro el 5 de marzo. Sin lugar a dudas, tambi\u00e9n en su pa\u00eds se llevo a cabo esta celebraci\u00f3n.<\/p>\n\n\n\n<p>La <strong>oraci\u00f3n<\/strong>  es necesaria para recibir bendici\u00f3n y poder de Dios. La  Biblia tambi\u00e9n nos da un ant\u00eddoto contra un mal muy com\u00fan en estos  tiempos: la ansiedad, y es <strong>orar<\/strong> (Filipenses 4.6-7). Conviertan en una <strong>oraci\u00f3n<\/strong> todo af\u00e1n que tengan. Los afanes deben ser un tipo de materia prima para las <strong>oraciones<\/strong>.<\/p>\n\n\n\n<p><\/p>\n","protected":false},"excerpt":{"rendered":"<p>El D\u00eda Mundial de Oraci\u00f3n denominado DMO es un movimiento universal ecum\u00e9nico de mujeres cristianas. Simbolizado por una fecha central de oraci\u00f3n \u2013 primer viernes de marzo &#8211; cada a\u00f1o son las mujeres de un pa\u00eds diferente quienes preparan la liturgia. En este a\u00f1o 2021 la celebraci\u00f3n del DMO est\u00e1 organizado por las mujeres de [&hellip;]<\/p>\n","protected":false},"author":6,"featured_media":1004,"parent":0,"menu_order":0,"comment_status":"closed","ping_status":"closed","template":"","meta":{"footnotes":""},"class_list":["post-1003","page","type-page","status-publish","has-post-thumbnail","hentry"],"_links":{"self":[{"href":"https:\/\/radiocepad.org\/index.php?rest_route=\/wp\/v2\/pages\/1003","targetHints":{"allow":["GET"]}}],"collection":[{"href":"https:\/\/radiocepad.org\/index.php?rest_route=\/wp\/v2\/pages"}],"about":[{"href":"https:\/\/radiocepad.org\/index.php?rest_route=\/wp\/v2\/types\/page"}],"author":[{"embeddable":true,"href":"https:\/\/radiocepad.org\/index.php?rest_route=\/wp\/v2\/users\/6"}],"replies":[{"embeddable":true,"href":"https:\/\/radiocepad.org\/index.php?rest_route=%2Fwp%2Fv2%2Fcomments&post=1003"}],"version-history":[{"count":1,"href":"https:\/\/radiocepad.org\/index.php?rest_route=\/wp\/v2\/pages\/1003\/revisions"}],"predecessor-version":[{"id":1005,"href":"https:\/\/radiocepad.org\/index.php?rest_route=\/wp\/v2\/pages\/1003\/revisions\/1005"}],"wp:featuredmedia":[{"embeddable":true,"href":"https:\/\/radiocepad.org\/index.php?rest_route=\/wp\/v2\/media\/1004"}],"wp:attachment":[{"href":"https:\/\/radiocepad.org\/index.php?rest_route=%2Fwp%2Fv2%2Fmedia&parent=1003"}],"curies":[{"name":"wp","href":"https:\/\/api.w.org\/{rel}","templated":true}]}}

Día Mundial de la Oración

<p>El Día Mundial de Oración denominado DMO es un movimiento universal ecuménico de mujeres cristianas.  Simbolizado por una fecha central de oración – primer viernes de marzo &#8211; cada año son las mujeres de un país diferente quienes preparan la liturgia.</p>



<p>En este año 2021 la celebración del DMO está organizado por las mujeres de Vanuatu bajo el lema “Construyamos sobre una base firme” y se celebro el 5 de marzo. Sin lugar a dudas, también en su país se llevo a cabo esta celebración.</p>



<p>La <strong>oración</strong>  es necesaria para recibir bendición y poder de Dios. La  Biblia también nos da un antídoto contra un mal muy común en estos  tiempos: la ansiedad, y es <strong>orar</strong> (Filipenses 4.6-7). Conviertan en una <strong>oración</strong> todo afán que tengan. Los afanes deben ser un tipo de materia prima para las <strong>oraciones</strong>.</p>



<p></p>

<p>El Día Mundial de Oración denominado DMO es un movimiento universal ecuménico de mujeres cristianas. Simbolizado por una fecha central de oración – primer viernes de marzo &#8211; cada año son las mujeres de un país diferente quienes preparan la liturgia. En este año 2021 la celebración del DMO está organizado por las mujeres de [&hellip;]</p>
